ivided by 58.
33
What is the remainder when 53525 is divided by 539?
164
What is the remainder when 57399 is divided by 14349?
3
What is the remainder when 514 is divided by 12?
10
What is the remainder when 136250 is divided by 4?
2
What is the remainder when 11643 is divided by 1663?
2
Calculate the remainder when 930951 is divided by 270.
261
What is the remainder when 373 is divided by 150?
73
What is the remainder when 1074 is divided by 79?
47
Calculate the remainder when 997 is divided by 337.
323
Calculate the remainder when 4406 is divided by 1090.
46
Calculate the remainder when 115428 is divided by 293.
279
What is the remainder when 3902 is divided by 122?
120
Calculate the remainder when 25660 is divided by 6414.
4
What is the remainder when 548 is divided by 242?
64
What is the remainder when 12515 is divided by 28?
27
What is the remainder when 24011 is divided by 1149?
1031
Calculate the remainder when 217774 is divided by 13.
11
Calculate the remainder when 95682 is divided by 216.
210
Calculate the remainder when 74183 is divided by 102.
29
Calculate the remainder when 25432 is divided by 12676.
80
What is the remainder when 40626 is divided by 13305?
711
What is the remainder when 9029 is divided by 4471?
87
What is the remainder when 1490932 is divided by 34?
32
What is the remainder when 911 is divided by 175?
36
Calculate the remainder when 1200 is divided by 44.
12
Calculate the remainder when 6882 is divided by 313.
309
Calculate the remainder when 2488 is divided by 472.
128
What is the remainder when 10013 is divided by 8912?
1101
What is the remainder when 5448 is divided by 69?
66
Calculate the remainder when 72924 is divided by 688.
684
What is the remainder when 62460 is divided by 99?
90
Calculate the remainder when 53108 is divided by 106.
2
Calculate the remainder when 381474 is divided by 208.
2
Calculate the remainder when 236877 is divided by 5.
2
What is the remainder when 23131 is divided by 286?
251
What is the remainder when 39666 is divided by 13173?
147
What is the remainder when 276894 is divided by 69?
66
Calculate the remainder when 4230 is divided by 2110.
10
Calculate the remainder when 135142 is divided by 16.
6
What is the remainder when 7893 is divided by 47?
44
What is the remainder when 39102 is divided by 449?
39
What is the remainder when 4994 is divided by 278?
268
Calculate the remainder when 28 is divided by 2.
0
Calculate the remainder when 6291 is divided by 6289.
2
Calculate the remainder when 496 is divided by 229.
38
What is the remainder when 13186 is divided by 489?
472
What is the remainder when 135985 is divided by 1023?
949
What is the remainder when 5725 is divided by 5714?
11
Calculate the remainder when 9761 is divided by 76.
33
What is the remainder when 21016 is divided by 5227?
108
Calculate the remainder when 9068 is divided by 2221.
184
What is the remainder when 149 is divided by 43?
20
Calculate the remainder when 126 is divided by 16.
14
What is the remainder when 106492 is divided by 128?
124
Calculate the remainder when 1241 is divided by 229.
96
What is the remainder when 708734 is divided by 37?
36
What is the remainder when 135572 is divided by 493?
490
What is the remainder when 68656 is divided by 41?
22
What is the remainder when 1579 is divided by 64?
43
Calculate the remainder when 202440 is divided by 155.
10
What is the remainder when 55754 is divided by 27869?
16
What is the remainder when 41393 is divided by 487?
485
What is the remainder when 117882 is divided by 34?
4
What is the remainder when 1000 is divided by 980?
20
What is the remainder when 17280 is divided by 686?
130
Calculate the remainder when 50295 is divided by 370.
345
Calculate the remainder when 17262 is divided by 663.
24
Calculate the remainder when 16964 is divided by 52.
12
What is the remainder when 87176 is divided by 10886?
88
What is the remainder when 124345 is divided by 79?
78
Calculate the remainder when 10575 is divided by 103.
69
Calculate the remainder when 211719 is divided by 35.
4
Calculate the remainder when 3741 is divided by 412.
33
Calculate the remainder when 441522 is divided by 35.
32
Calculate the remainder when 5297 is divided by 165.
17
What is the remainder when 1730 is divided by 1711?
19
What is the remainder when 542208 is divided by 27?
21
Calculate the remainder when 5039 is divided by 1666.
41
Calculate the remainder when 3914 is divided by 338.
196
What is the remainder when 4506 is divided by 171?
60
Calculate the remainder when 3860 is divided by 194.
174
What is the remainder when 72406 is divided by 21?
19
Calculate the remainder when 89240 is divided by 67.
63
Calculate the remainder when 22647 is divided by 1412.
55
What is the remainder when 1014 is divided by 441?
132
What is the remainder when 609 is divided by 45?
24
What is the remainder when 86630 is divided by 637?
635
Calculate the remainder when 10981 is divided by 268.
261
Calculate the remainder when 5379 is divided by 1763.
90
Calculate the remainder when 1588 is divided by 709.
170
What is the remainder when 2658960 is divided by 154?
150
Calculate the remainder when 5808 is divided by 61.
13
What is the remainder when 749589 is divided by 19726?
1
Calculate the remainder when 384223 is divided by 109.
107
What is the remainder when 771 is divided by 42?
15
Calculate the remainder when 6675 is divided by 939.
102
What is the remainder when 6086 is divided by 6084?
2
Calculate the remainder when 698 is divided by 32.
26
What is the remainder when 42938 is divided by 21465?
8
Calculate the remainder when 46060 is divided by 142.
52
Calculate the remainder when 1137 is divided by 478.
181
What is the remainder when 29421 is divided by 25?
21
Calculate the remainder when 6056 is divided by 15.
11
Calculate the remainder when 33607 is divided by 148.
11
Calculate the remainder when 25171 is divided by 59.
37
What is the remainder when 15282 is divided by 28?
22
Calculate the remainder when 9576 is divided by 63.
0
Calculate the remainder when 2754 is divided by 214.
186
What is the remainder when 2878 is divided by 2866?
12
Calculate the remainder when 54371 is divided by 401.
236
What is the remainder when 3301364 is divided by 635?
634
What is the remainder when 5283 is divided by 170?
13
Calculate the remainder when 7295 is divided by 64.
63
Calculate the remainder when 26671 is divided by 78.
73
Calculate the remainder when 292752 is divided by 146371.
10
What is the remainder when 3060917 is divided by 621?
8
Calculate the remainder when 1989475 is divided by 331576.
19
Calculate the remainder when 36708 is divided by 122.
108
Calculate the remainder when 574552 is divided by 126.
118
What is the remainder when 12989 is divided by 967?
418
Calculate the remainder when 1081 is divided by 872.
209
Calculate the remainder when 820 is divided by 313.
194
Calculate the remainder when 403 is divided by 347.
56
What is the remainder when 67116 is divided by 67089?
27
What is the remainder when 9442 is divided by 411?
400
What is the remainder when 529123 is divided by 716?
715
Calculate the remainder when 42260 is divided by 1112.
4
What is the remainder when 17492 is divided by 17491?
1
Calculate the remainder when 2212 is divided by 373.
347
Calculate the remainder when 933 is divided by 112.
37
What is the remainder when 547374 is divided by 109471?
19
What is the remainder when 9022 is divided by 2967?
121
Calculate the remainder when 1367276 is divided by 127.
121
Calculate the remainder when 1843 is divided by 900.
43
What is the remainder when 168267 is divided by 222?
213
Calculate the remainder when 355 is divided by 164.
27
What is the remainder when 22370 is divided by 25?
20
What is the remainder when 114423 is divided by 427?
414
What is the remainder when 33653 is divided by 495?
488
Calculate the remainder when 480 is divided by 452.
28
What is the remainder when 1440244 is divided by 328?
324
Calculate the remainder when 143029 is divided by 35752.
21
Calculate the remainder when 5658 is divided by 1854.
96
What is the remainder when 368007 is divided by 261?
258
What is the remainder when 23793 is divided by 882?
861
What is the remainder when 10329 is divided by 93?